number?
True
Is 3019021 composite?
True
Is 31454 prime?
False
Is 163435 composite?
True
Is 173449 composite?
True
Is 14335331 prime?
False
Is 49370459 composite?
False
Is 4463041 a prime number?
False
Is 110496173 prime?
True
Is 1056899 a composite number?
True
Is 1540801 prime?
False
Is 3171346 a composite number?
True
Is 94505773 composite?
False
Is 327039835 prime?
False
Is 105963043 a prime number?
False
Is 133753679 composite?
False
Is 2407747 a composite number?
True
Is 11350351 prime?
True
Is 5542993 a composite number?
False
Is 885438691 composite?
True
Is 518083 prime?
True
Is 2882239 a composite number?
False
Is 84912053 a prime number?
True
Is 266771 a composite number?
True
Is 389387 composite?
True
Is 38853013 composite?
True
Is 2290553 a composite number?
True
Is 152729 composite?
False
Is 36191173 composite?
False
Is 676879 a composite number?
True
Is 1931921 a composite number?
False
Is 5181601 a prime number?
False
Is 73448047 a composite number?
False
Is 6177371 a composite number?
True
Is 9850193 a prime number?
True
Is 89238259 a composite number?
True
Is 2289349 composite?
False
Is 411569 prime?
True
Is 4629223 a composite number?
True
Is 204080831 prime?
True
Is 4817111 composite?
True
Is 30656981 composite?
False
Is 26178541 composite?
True
Is 24410137 composite?
False
Is 24652999 composite?
True
Is 103882061 a prime number?
False
Is 4646737 prime?
False
Is 107340239 a composite number?
False
Is 6938029 a prime number?
False
Is 1300235 prime?
False
Is 43590059 a prime number?
True
Is 2822483 composite?
True
Is 278849081 composite?
True
Is 6122747 a composite number?
False
Is 4770655 prime?
False
Is 2997583 a composite number?
False
Is 1788027 a composite number?
True
Is 58281907 a prime number?
True
Is 1558483 prime?
True
Is 9566233 a composite number?
False
Is 1613441 a prime number?
True
Is 3464683 prime?
True
Is 166836803 a prime number?
False
Is 2395031 a composite number?
False
Is 4168819 composite?
True
Is 136801147 composite?
True
Is 56761643 a prime number?
False
Is 13926559 a prime number?
True
Is 2351201 a prime number?
True
Is 49252153 prime?
True
Is 695309 a composite number?
False
Is 37964323 a composite number?
False
Is 34346191 a composite number?
True
Is 358181 a prime number?
True
Is 11921933 a composite number?
False
Is 64911953 a prime number?
True
Is 6272687 composite?
True
Is 71129829 a composite number?
True
Is 757247 composite?
False
Is 97402289 composite?
False
Is 1597727 composite?
True
Is 50710537 prime?
True
Is 7441823 a composite number?
False
Is 5473487 prime?
False
Is 28846927 a prime number?
False
Is 9512851 a composite number?
False
Is 39266921 a prime number?
True
Is 6818653 composite?
False
Is 2531821 composite?
False
Is 483391 a composite number?
True
Is 5400007 composite?
True
Is 5424103 prime?
True
Is 509501 a composite number?
True
Is 1500407 prime?
True
Is 6184037 prime?
True
Is 118802669 prime?
True
Is 58155953 prime?
False
Is 4210121 composite?
False
Is 17848169 a prime number?
False
Is 5306543 prime?
False
Is 20099333 a prime number?
False
Is 42161497 a composite number?
True
Is 1646169715 prime?
False
Is 1084171 a composite number?
True
Is 58564321 a composite number?
True
Is 14259863 composite?
False
Is 37887679 composite?
True
Is 67552799 composite?
False
Is 1571400407 a prime number?
True
Is 325799647 a prime number?
True
Is 79243991 a prime number?
True
Is 34869343 a prime number?
False
Is 6549421 a prime number?
False
Is 204829 composite?
True
Is 306563 composite?
False
Is 126461147 prime?
False
Is 1165067 a prime number?
False
Is 185772485 a composite number?
True
Is 77991731 composite?
False
Is 3862619 prime?
False
Is 5499457 prime?
False
Is 474569 a prime number?
True
Is 4560991 a composite number?
True
Is 33491627 prime?
False
Is 143500129 a composite number?
True
Is 80790923 a composite number?
True
Is 30642503 a composite number?
True
Is 135735874 a composite number?
True
Is 23555339 a composite number?
False
Is 15802403 a composite number?
True
Is 6242711 composite?
True
Is 25549663 a composite number?
False
Is 33973961 composite?
True
Is 1832729 composite?
True
Is 38634023 composite?
True
Is 4570689 composite?
True
Is 6638795 composite?
True
Is 424279199 composite?
True
Is 3806423 a prime number?
True
Is 610511 composite?
True
Is 417715307 a prime number?
True
Is 250489 composite?
False
Is 885667 a prime number?
False
Is 19401979 composite?
True
Is 2686949 prime?
True
Is 132430117 composite?
True
Is 310576918 prime?
False
Is 38376083 a prime number?
True
Is 3542627 a prime number?
False
Is 5347501 composite?
False
Is 456197107 composite?
False
Is 3034649 composite?
True
Is 92507 a composite number?
False
Is 12506633 composite?
True
Is 1703551 prime?
False
Is 63676461 a prime number?
False
Is 430687 prime?
False
Is 39544801 prime?
False
Is 207369181 prime?
False
Is 1840537 prime?
True
Is 790639 prime?
False
Is 4974559 a prime number?
True
Is 594411947 a composite number?
False
Is 11950339 composite?
False
Is 37539083 prime?
True
Is 5037803 a prime number?
False
Is 22116989 a composite number?
False
Is 75173419 prime?
False
Is 2511473 a composite number?
False
Is 1761209 a composite number?
True
Is 13501945 composite?
True
Is 124693337 prime?
True
Is 2960161 prime?
True
Is 146746217 prime?
True
Is 25157713 a composite number?
True
Is 1380809 a composite number?
True
Is 217489 prime?
True
Is 343218341 a prime number?
False
Is 3781859 prime?
True
Is 2721571 a prime number?
False
Is 1076899 a prime number?
False
Is 57471887 composite?
True
Is 8358523 prime?
False
Is 5983247 prime?
True
Is 5284519 a composite number?
True
Is 25074373 a prime number?
True
Is 162143 a prime number?
True
Is 79511287 a composite number?
False
Is 3907679 composite?
True
Is 120056939 composite?
False
Is 1874809 a composite number?
True
Is 100480507 composite?
False
Is 180086303 a prime number?
True
Is 50173507 a prime number?
False
Is 643619 prime?
True
Is 14451791 composite?
True
Is 14036471 a composite number?
True
Is 2794343 a composite number?
False
Is 1993587 a composite number?
True
Is 6632681 composite?
True
Is 384247 a prime number?
True
Is 255769559 a composite number?
False
Is 76275807 composite?
True
Is 42411391 prime?
False
Is 10294771 a prime number?
True
Is 837091303 a composite number?
True
Is 43936559 composite?
False
Is 1813897 a prime number?
True
Is 365747 a prime number?
True
Is 3149353 composite?
False
Is 1454857 a composite number?
True
Is 10238689 a composite number?
False
Is 163719449 a composite number?
False
Is 3021113 a composite number?
True
Is 19633619 prime?
True
Is 3217297 a composite number?
False
Is 69026011 a composite number?
False
Is 6826271 a composite number?
False
Is 44574223 composite?
False
Is 3644477 composite?
True
Is 26298317 prime?
True
Is 6662303 a prime number?
False
Is 19942279 composite?
True
Is 544619795 composite?
True
Is 1971577 a composite number?
False
Is 4398221 composite?
True
Is 6434 a composite number?
True
Is 26004565 composite?
True
Is 865159 a prime number?
True
Is 35120815 prime?
False
Is 35855957 a composite number?
False
Is 3064291 composite?
False
Is 53067253 composite?
False
Is 1342837 prime?
False
Is 45962047 a prime number?
True
Is 14476901 composite?
False
Is 284721923 prime?
False
Is 514338707 prime?
True
Is 126309569 prime?
True
Is 23414453 composite?
True
Is 2894533 composite?
False
Is 43541 a prime number?
True
Is 2024423 a composite number?
True
Is 19023551 a prime number?
True
Is 355441159 a composite number?
False
Is 757905751 a prime number?
True
Is 26448767 composite?
False
Is 575573 composite?
False
Is 15083867 a prime number?
True
Is 1885423 a prime number?
True
Is 18936191 a composite number?
False
Is 96106741 a prime number?
True
Is 10182211 prime?
False
Is 175408169 a composite number?
False
Is 3600143 a prime number?
False
Is 1685803 a prime number?
False
Is 279284657 a prime number?
False
Is 50391934 a composite number?
True
Is 42924017 a composite number?
False
Is 20237557 composite?
True
Is 24399887 a prime number?
True
Is 51446561 a composite number?
True
Is 25664735 composite?
True
Is 325337273 a composite number?
False
Is 120029213 prime?
False
Is 7951297 a prime number?
True
Is 67581863 composite?
Fa